 121 a factor of 20204096?
True
Does 201 divide 836387331?
True
Is 87822324 a multiple of 116?
True
Is 80418520 a multiple of 91?
True
Is 27 a factor of 622229753?
False
Is 2207612 a multiple of 13?
False
Does 753 divide 10863753?
False
Is 2146 a factor of 34329562?
True
Does 1382 divide 623739442?
True
Does 38 divide 152581765?
False
Is 10 a factor of 6342760?
True
Is 655 a factor of 22073450?
False
Is 21887520 a multiple of 2?
True
Is 1811183431 a multiple of 2079?
False
Is 712917309 a multiple of 251?
False
Is 76760889 a multiple of 2180?
False
Is 15186353 a multiple of 301?
True
Is 11288250 a multiple of 522?
True
Is 256658 a multiple of 27?
False
Is 1444274458 a multiple of 22?
True
Does 2368 divide 78115584?
True
Is 346 a factor of 3530238?
True
Is 159599220 a multiple of 30?
True
Does 21 divide 75331473?
True
Does 533 divide 73266105?
False
Does 44 divide 173575655?
False
Is 5371390 a multiple of 5?
True
Is 4605925 a multiple of 459?
False
Is 15657460 a multiple of 10?
True
Is 1026972 a multiple of 1542?
True
Is 13 a factor of 18322679?
False
Is 19245959 a multiple of 77?
False
Does 687 divide 13468078?
False
Is 215508826 a multiple of 1373?
True
Is 2450160410 a multiple of 1189?
True
Is 1456320 a multiple of 74?
True
Is 1168 a factor of 437886704?
True
Does 58 divide 6273437588?
False
Is 36390244 a multiple of 418?
True
Is 315992876 a multiple of 38?
True
Does 43 divide 644515777?
True
Is 159 a factor of 30110466?
True
Does 2812 divide 1460778638?
False
Is 79688059 a multiple of 17?
False
Is 153 a factor of 41521599?
True
Is 2 a factor of 25183034?
True
Is 24 a factor of 150802033?
False
Is 20 a factor of 9737122?
False
Does 132 divide 1157587068?
True
Does 32 divide 18053775?
False
Does 357 divide 1844796386?
False
Does 354 divide 1412844601?
False
Is 3433203756 a multiple of 4938?
True
Does 102 divide 393651762?
True
Does 530 divide 48453630?
False
Does 18 divide 374067441?
False
Is 109004215 a multiple of 16?
False
Is 2102 a factor of 3934952408?
True
Is 33 a factor of 26403531?
True
Is 34 a factor of 308947018?
True
Does 652 divide 842368418?
False
Does 109 divide 114176737?
True
Is 55171923 a multiple of 3?
True
Is 7 a factor of 7692993?
True
Is 119 a factor of 132222801?
False
Is 61 a factor of 443765423?
True
Is 53 a factor of 853613177?
True
Does 3519 divide 1300034504?
False
Is 327 a factor of 70824276?
True
Does 2390 divide 3957330930?
True
Is 4 a factor of 2731300?
True
Does 30 divide 134296805?
False
Is 1512314511 a multiple of 1437?
False
Does 1403 divide 34547199?
False
Does 145 divide 431696465?
True
Is 609 a factor of 124222602?
True
Is 46 a factor of 16235270?
False
Is 9902662 a multiple of 7?
True
Is 317752585 a multiple of 1165?
True
Is 720568602 a multiple of 1431?
True
Does 231 divide 48151570?
False
Is 276657930 a multiple of 90?
True
Is 5 a factor of 15149615?
True
Does 6925 divide 423616100?
True
Is 52 a factor of 128706448?
True
Is 23 a factor of 28659659?
False
Does 45 divide 18514087?
False
Does 133 divide 229987715?
False
Is 266580873 a multiple of 3?
True
Is 37 a factor of 8533569?
True
Is 19854570 a multiple of 111?
True
Does 144 divide 2374640928?
True
Is 1906155314 a multiple of 147?
False
Is 66246997 a multiple of 90?
False
Is 238 a factor of 352855468?
True
Does 6 divide 824234529?
False
Does 10 divide 306684?
False
Is 39 a factor of 3921642?
False
Is 4532 a factor of 86874208?
False
Is 19220316 a multiple of 111?
True
Is 798337783 a multiple of 447?
False
Is 33 a factor of 53811405?
False
Is 178 a factor of 44357066?
True
Is 46198078 a multiple of 3077?
True
Is 37593298 a multiple of 20?
False
Does 7 divide 68208749?
True
Is 38 a factor of 52496367?
False
Is 31 a factor of 249143138?
False
Is 7219 a factor of 300095188?
False
Is 45738279 a multiple of 39?
False
Is 2325900961 a multiple of 73?
True
Is 132820565 a multiple of 37?
True
Does 295 divide 5435080?
True
Does 27 divide 596163591?
True
Is 31501290 a multiple of 76?
False
Is 844171747 a multiple of 3900?
False
Does 449 divide 22192396?
False
Is 264 a factor of 715440?
True
Is 696 a factor of 523799950?
False
Does 16 divide 9609776?
True
Is 60130086 a multiple of 354?
True
Does 19 divide 313881798?
False
Does 183 divide 980578599?
True
Is 787 a factor of 52889548?
True
Does 597 divide 1216364217?
True
Is 9062798 a multiple of 3?
False
Is 734 a factor of 79474598?
False
Is 5 a factor of 1006308?
False
Is 105747646 a multiple of 331?
False
Is 396 a factor of 38499928?
False
Does 1246 divide 32396?
True
Is 4289843767 a multiple of 10916?
False
Does 328 divide 26578168?
True
Does 714 divide 993563130?
True
Is 230505430 a multiple of 56?
False
Does 48 divide 5773676?
False
Is 6 a factor of 2785584?
True
Is 18486321 a multiple of 927?
False
Is 5621504 a multiple of 112?
True
Is 8 a factor of 1498060797?
False
Is 420954046 a multiple of 306?
False
Is 23 a factor of 8739172?
True
Does 39 divide 36133885?
False
Is 225 a factor of 36668925?
True
Does 26 divide 4943561?
False
Does 1918 divide 360256022?
True
Is 33 a factor of 835365696?
True
Is 70328528 a multiple of 457?
False
Does 2 divide 6889936?
True
Is 42 a factor of 125575254?
True
Is 4320 a factor of 85730400?
True
Is 26 a factor of 19520679?
False
Does 176 divide 152140032?
True
Is 21 a factor of 1977409350?
True
Is 2429 a factor of 20983926?
False
Is 58396061 a multiple of 83?
True
Is 80 a factor of 38945056?
False
Is 4753 a factor of 1088707921?
True
Is 104 a factor of 117226512?
True
Is 5 a factor of 1619260788?
False
Does 37 divide 4370580?
False
Is 13 a factor of 717964?
True
Is 269028090 a multiple of 9?
True
Is 223 a factor of 52268747?
True
Is 175391091 a multiple of 17?
True
Does 592 divide 40398080?
True
Is 2251525147 a multiple of 13959?
False
Does 746 divide 15927442?
False
Is 69 a factor of 1149734663?
False
Does 102 divide 206224314?
True
Is 19048331 a multiple of 111?
False
Is 92 a factor of 1183028?
True
Is 1600 a factor of 85678400?
True
Is 37290456 a multiple of 7?
True
Does 760 divide 56515989?
False
Is 940 a factor of 1164348959?
False
Does 30 divide 7570100?
False
Does 25 divide 2873780176?
False
Is 16 a factor of 267181344?
True
Is 205 a factor of 214085228?
False
Is 22743663 a multiple of 197?
False
Does 15 divide 701493442?
False
Is 29 a factor of 2339061?
False
Is 1142356 a multiple of 38?
True
Is 3223 a factor of 163486675?
True
Is 898171897 a multiple of 27?
False
Is 26265672 a multiple of 12?
True
Is 126192446 a multiple of 344?
False
Does 8952 divide 1016365320?
True
Is 17512380 a multiple of 18?
True
Is 190 a factor of 805600?
True
Is 86634826 a multiple of 448?
False
Is 1687 a factor of 3983007?
True
Is 339 a factor of 176496960?
True
Is 16233182 a multiple of 877?
False
Is 1091475 a multiple of 63?
True
Is 95059500 a multiple of 5988?
True
Is 1185 a factor of 1019127255?
True
Is 194 a factor of 1042354924?
False
Does 743 divide 9131755?
False
Is 82280530 a multiple of 31?
False
Does 77 divide 301121667?
True
Is 2 a factor of 10479414?
True
Is 104 a factor of 133051?
False
Is 101474916 a multiple of 513?
False
Does 58 divide 874266596?
True
Does 50 divide 358620632?
False
Does 207 divide 72714380?
False
Is 785515410 a multiple of 90?
True
Is 36 a factor of 54749808?
True
Does 12 divide 761629226?
False
Is 138 a factor of 2075630538?
True
Is 455 a factor of 8406125?
True
Does 3 divide 3028182?
True
Is 358 a factor of 10304270?
False
Is 6478220 a multiple of 28?
True
Is 116711 a multiple of 40?
False
Does 8100 divide 1626212700?
True
Does 896 divide 33762176?
True
Is 119 a factor of 122890367?
False
Is 18641237 a multiple of 48?
False
Is 1163 a factor of 1020133972?
False
Is 23987216 a multiple of 3?
False
Does 47 divide 360113114?
False
Does 17 divide 896327694?
False
Does 443 divide 87924938?
False
Is 1722 a factor of 193088827?
False
Is 32915370 a multiple of 5?
True
Is 69 a factor of 5014234?
False
Is 24 a factor of 79681691?
False
Is 906 a factor of 104191812?
True
Is 3286072102 a multiple of 1330?
False
Is 288 a factor of 106425234?
False
Does 91 divide 31128916?
True
Does 514 divide 967692?
False
Does 904 divide 599277872?
True
Does 719 divide 2982803?
False
Is 81 a factor of 21140190?
True
Does 211 divide 132236627?
False
Is 67326578 a multiple of 71?
False